osite?
False
Is 3962673569 composite?
True
Is 62943875209 composite?
False
Is 323796857 a composite number?
False
Is 212138341 composite?
False
Is 523296673 a prime number?
True
Is 652264027 a prime number?
False
Is 51783473281 composite?
True
Is 389983355 prime?
False
Is 2900463869 composite?
False
Is 10890367869 a composite number?
True
Is 82844388833 composite?
False
Is 227078827 prime?
False
Is 161809364309 composite?
False
Is 26828203 prime?
True
Is 199149063931 a prime number?
False
Is 244839048011 a prime number?
True
Is 137517548951 a composite number?
True
Is 2158423297 prime?
True
Is 4294577797 a prime number?
False
Is 49646371 composite?
True
Is 7622174555 composite?
True
Is 8667319363 a prime number?
True
Is 11833722137 a composite number?
False
Is 506831855 a prime number?
False
Is 1992604641 composite?
True
Is 13574022685 prime?
False
Is 9445151003 composite?
False
Is 8053171727 a composite number?
True
Is 2097671777 prime?
False
Is 44690401451 a prime number?
True
Is 2026581143 prime?
True
Is 195939688865 a composite number?
True
Is 200408769299 a prime number?
True
Is 14229703 a composite number?
True
Is 3315037643 prime?
True
Is 1028936651 composite?
False
Is 28252209563 a composite number?
True
Is 2703248129 prime?
False
Is 2570267173 a composite number?
False
Is 11169059107 prime?
False
Is 525103379 composite?
True
Is 10645946761 a prime number?
True
Is 5577166069 a prime number?
True
Is 7137000851 a composite number?
False
Is 379008782 a composite number?
True
Is 14630963377 composite?
False
Is 941183363 a prime number?
False
Is 2028919591 prime?
False
Is 97034779433 prime?
False
Is 437773541 a composite number?
False
Is 299819483 prime?
True
Is 22369804243 prime?
False
Is 68067449 prime?
True
Is 4104949811 prime?
False
Is 69607812091 a composite number?
False
Is 9331148053 a prime number?
False
Is 143363027 composite?
False
Is 1625175287 prime?
True
Is 59728751 composite?
False
Is 1723764457 a composite number?
False
Is 1212312487 a composite number?
True
Is 4387023755 composite?
True
Is 4318203613 prime?
True
Is 3623978789 a prime number?
True
Is 1113177553 a composite number?
True
Is 6281675093 a composite number?
False
Is 248712173 a prime number?
True
Is 12616844561 prime?
False
Is 3029112001 prime?
True
Is 134025334 a prime number?
False
Is 20564388359 a prime number?
True
Is 813528103 a composite number?
True
Is 2323409534 prime?
False
Is 40139836937 prime?
False
Is 1839006767 a composite number?
True
Is 92195637353 a composite number?
False
Is 28890275171 a composite number?
True
Is 4600685123 a prime number?
True
Is 114256296433 a prime number?
False
Is 166875473 a composite number?
False
Is 2135271629 prime?
True
Is 515845049 a composite number?
False
Is 2076068861 a prime number?
False
Is 1357610201 prime?
True
Is 176345313 a prime number?
False
Is 7967260297 composite?
False
Is 3000886401 a composite number?
True
Is 70827743 a composite number?
True
Is 5031175379 composite?
True
Is 1011202163 a prime number?
True
Is 21601730869 prime?
True
Is 540496949 a composite number?
False
Is 1675853381 a composite number?
False
Is 273625159 a prime number?
False
Is 619870601 prime?
False
Is 3064313011 a composite number?
True
Is 6117685831 a prime number?
True
Is 3551564713 a prime number?
True
Is 76919998217 a composite number?
True
Is 6191091029 prime?
True
Is 20239816537 prime?
True
Is 475785683 prime?
False
Is 482447998717 a prime number?
True
Is 2457221545 a composite number?
True
Is 1229925077 prime?
True
Is 58921140439 a prime number?
False
Is 316643818841 prime?
False
Is 3097017449 composite?
True
Is 2502813689 a prime number?
False
Is 10306504223 a prime number?
True
Is 2448762709 composite?
True
Is 10473606887 a composite number?
True
Is 350069663 prime?
False
Is 1184634493 composite?
True
Is 24748381103 a composite number?
False
Is 1693477723 a prime number?
False
Is 827621723 a composite number?
False
Is 66676388309 prime?
True
Is 2564897879 prime?
False
Is 7046249753 a composite number?
True
Is 1337037601 a prime number?
True
Is 7629621211 a prime number?
True
Is 2520911 a prime number?
False
Is 30503299 a prime number?
False
Is 1490317823 prime?
False
Is 484223023 composite?
False
Is 31273554041 composite?
True
Is 183421764917 a composite number?
False
Is 32826137 a composite number?
True
Is 1580359111 a composite number?
False
Is 117071462 prime?
False
Is 302778617 prime?
True
Is 11086401 composite?
True
Is 14476141 a prime number?
False
Is 1436288453 composite?
True
Is 1570968613 prime?
False
Is 41355097255 composite?
True
Is 4825070699 a prime number?
True
Is 498113891 a prime number?
False
Is 12980500751 prime?
False
Is 77916075959 a composite number?
False
Is 45364301033 a composite number?
False
Is 14984931769 a composite number?
True
Is 2281109443 a prime number?
False
Is 390777587 a prime number?
False
Is 47161240751 prime?
False
Is 183262613 prime?
True
Is 600580901 prime?
True
Is 1718619671 a prime number?
False
Is 1458146719 composite?
True
Is 16353475289 prime?
False
Is 6384823561 a prime number?
False
Is 2457032587 composite?
True
Is 299429909277 a composite number?
True
Is 269056189517 composite?
True
Is 3819047901 composite?
True
Is 6100562701 a prime number?
False
Is 6189882331 a prime number?
False
Is 110238935323 prime?
False
Is 36101293 a composite number?
False
Is 4254114251 a composite number?
False
Is 157917449695 a composite number?
True
Is 5861074987 a prime number?
True
Is 516915947 composite?
True
Is 8633550259 a composite number?
False
Is 55371944603 prime?
True
Is 2373306349 prime?
False
Is 1616212463 a prime number?
False
Is 170464480601 composite?
False
Is 1005928129 a prime number?
True
Is 91285391 composite?
False
Is 653780837 composite?
False
Is 209458481 composite?
False
Is 3100126859 a prime number?
True
Is 4352514143 prime?
True
Is 11433705553 prime?
False
Is 757896479 a prime number?
False
Is 4141417543 a prime number?
True
Is 23773747003 prime?
True
Is 2816496139 composite?
False
Is 61378001473 prime?
True
Is 16807793543 composite?
True
Is 468748039 a prime number?
False
Is 736780063 composite?
False
Is 175735231 a prime number?
False
Is 106613569385 a composite number?
True
Is 1437085961 a prime number?
True
Is 5769227833 composite?
True
Is 246819679 prime?
False
Is 494639323 a composite number?
True
Is 37114181813 composite?
True
Is 6238119887 a composite number?
False
Is 323663149 composite?
True
Is 6440717587 composite?
False
Is 309358378943 composite?
True
Is 19236241181 prime?
True
Is 24308191433 a prime number?
False
Is 355399607 prime?
False
Is 179309789 a composite number?
True
Is 20944379873 composite?
False
Is 1377692993 composite?
False
Is 4092069841 prime?
True
Is 2226891949 composite?
False
Is 1947130937 a composite number?
True
Is 3186629909 a composite number?
False
Is 1745189657 composite?
False
Is 9483913349 composite?
True
Is 113562233 a composite number?
True
Is 2235751807 a prime number?
False
Is 156371388281 a prime number?
True
Is 443737739 prime?
True
Is 1154099003 composite?
True
Is 36858636103 a composite number?
False
Is 39731603803 prime?
True
Is 773362651 a prime number?
False
Is 16179315127 prime?
True
Is 622123741 composite?
True
Is 47490518587 a composite number?
False
Is 14815956469 composite?
True
Is 553858823693 prime?
False
Is 5610703411 a prime number?
True
Is 50001529129 a composite number?
True
Is 11877026743 prime?
True
Is 4566878879 composite?
False
Is 25476644119 composite?
True
Is 21009449479 a composite number?
False
Is 154469034323 a prime number?
True
Is 354446903 a composite number?
True
Is 3318434597 a composite number?
False
Is 505130867 a prime number?
False
Is 6132132049 prime?
True
Is 1336538843 a composite number?
False
Is 1170988697 a composite number?
False
Is 34515279761 prime?
False
Is 10675844371 a composite number?
False
Is 686892335 a composite number?
True
Is 10224388943 prime?
True
Is 1066815103 composite?
False
Is 78516009169 prime?
False
Is 9122251907 composite?
True
Is 1468489301 a composite number?
False
Is 435694961677 a prime number?
False
Is 1447923413 a prime number?
False
Is 15714975481 prime?
True
Is 46042051001 a prime number?
True
Is 2406293069 a composite number?
False
Is 31130791217 a prime n